e y*h + 0*h = 63. What is the units digit of h?
1
Let z be 1/(2 + 69/(-33)). Let k = z - -25. Let o = 2 + k. What is the units digit of o?
6
Let p(k) = 6*k - k + 8 + 2*k - 2. What is the units digit of p(8)?
2
Suppose -15*g + 20 = -25. Suppose -3*y = -5*q - 161 + 2, g*y + 5*q - 189 = 0. What is the tens digit of y?
5
Let u(p) = 17*p**2 + 11*p + 59. What is the hundreds digit of u(-9)?
3
Let v = 60 - 33. Suppose 0 = -16*b + 11*b + 15. Suppose -b*a + 0 = -v. What is the units digit of a?
9
Suppose -524*c = -516*c - 7808. What is the units digit of c?
6
Let d(f) = -6*f + 4. Let t(s) = -5*s + 5. Let w(c) = -4*d(c) + 5*t(c). Let i be w(6). Let p(m) = 2*m**3 - 3*m**2 + 3*m - 4. What is the units digit of p(i)?
2
Let d(y) = -22*y + 36. Let u(k) = 33*k - 53. Let i(h) = -7*d(h) - 5*u(h). What is the units digit of i(-4)?
7
Suppose 38 = 2*x + 32. Suppose 0 = x*k - w + 2*w - 553, 4*w = -5*k + 917. What is the hundreds digit of k?
1
Let s(g) = 2*g**2 + 10*g - 14. Let c be s(-10). Let i = c + 29. What is the tens digit of i?
1
Let n be (240/3)/5 + 4. Suppose -5*z = -10*z + n. Suppose 7 = z*k - 13. What is the units digit of k?
5
Let h be 69/(-7) - 3/21. Let m = h - -13. Suppose -2*l + 4 = m*k, 2*l - 4*l - 28 = -5*k. What is the units digit of k?
4
What is the units digit of 1132 + 1 + 3 + -7?
9
Suppose 3*h = -g - 0*g + 29, 3*g = 5*h + 17. Suppose -15*o + g*o + 4 = 0. Suppose o*c - 141 = c. What is the units digit of c?
7
What is the hundreds digit of 0/12*(-1)/(-2) - -803?
8
What is the tens digit of 12 - 2*(-10546)/4?
8
Let w = 15 + -5. Let q(z) = 1325 + 5*z**2 + 12*z**2 - z**3 - 1328 - 8*z - 6*z**2. What is the tens digit of q(w)?
1
What is the units digit of 3/(30/9100) - (3 - 6)?
3
Let u be (-2338)/(-6) - ((-5)/(-3) + -1). Suppose 293 = 3*b + c, 4*b + 0*c = -c + u. What is the tens digit of b?
9
Let k(n) = -n**3 - 9*n**2 + 2. Let s be k(-9). What is the units digit of 62/(s/(-1))*(-22 + 21)?
1
Let z(i) = i**2 + 3*i + 10. Let k be z(-4). Suppose -k*t = -16*t + 166. What is the units digit of t?
3
Suppose 58 = -2*m + 684. What is the units digit of m?
3
Let q(n) = -31*n + 569. What is the tens digit of q(-14)?
0
Let a(k) = k**3 - 5*k**2 - 12*k + 2. Suppose -4*b + 12 = -2*b. Let v be a(b). Let d = -18 - v. What is the tens digit of d?
1
What is the tens digit of (7500/(-3))/10*-5?
5
Suppose 3*w + 10 = h, 3*h - 5*h - 2*w - 4 = 0. Let y be 6/(-9)*(-4 + h). Suppose -m + 130 = 5*v, -2*m - 11 = y*v - 71. What is the units digit of v?
5
Suppose 2*v + 6 = 5*v. What is the units digit of (2/1 - -2)*v?
8
Suppose -12 = -3*d, 664 - 4116 = -2*a - 5*d. What is the tens digit of a?
1
Let w be (-8)/36 + 94/18. Suppose a = w*a - 920. What is the units digit of a?
0
Let n(b) = 7*b + 12. Let p be n(-3). Suppose v + 6 = -5. Let w = p - v. What is the units digit of w?
2
Suppose 4*j + 5 - 3 = 3*s, -4 = 2*s. Let z(r) = -6. Let o(t) = -t + 6. Let h(y) = j*o(y) - 3*z(y). What is the units digit of h(7)?
0
Suppose -8*l = 4*a - 12*l - 9300, 6951 = 3*a + 3*l. What is the hundreds digit of a?
3
Suppose -u + 5 = -5. Let x(c) = -c**2 + 9*c + 14. Let d be x(u). Suppose 9 = -3*g, d*t - g - 15 + 4 = 0. What is the units digit of t?
2
Suppose 7*q + q = 936. What is the tens digit of q?
1
Let g be ((-32)/40)/(2/(-15)*3). Suppose -3*a + 6 = o + g*o, 5*a = -4*o + 14. What is the units digit of a?
6
Let u be -3 - -11 - -1 - 3. Suppose 6 = 2*n - 4*q, -5*q + u = n + n. Suppose -4*i + n*i = -4*x + 12, x - 3 = i. What is the units digit of x?
3
Let q = 811 - 452. What is the tens digit of q?
5
Let a = 715 - 29. What is the units digit of a?
6
Let a(r) = r**2 + 7*r - 4. Let v be a(-8). Let q(h) = 32*h + 4. Let z(g) = 11*g + 1. Let o(i) = 3*q(i) - 8*z(i). What is the tens digit of o(v)?
3
Let h be (-4)/(-14) + 104/28. Suppose 3*l - 1 = h*l + g, 0 = 3*l + 2*g + 8. What is the units digit of (l - -5) + 35 + 0?
4
Suppose -207 = -x + 4*p, 3*p + 389 = 3*x - x. What is the hundreds digit of x?
1
Let u be -10 - (1 - 2)*1. Let t = u + 2. What is the units digit of (t + 3)/(-4)*2?
2
Suppose -4*w = 4, 0 = 4*j + 3*w + w - 732. What is the hundreds digit of j?
1
Suppose 3*o + 96 = -3*x, 3*x - 5*o + 117 = -o. Let l be (x/(-15) + -3)*-6. Suppose 0 = -l*s - s + 225. What is the tens digit of s?
4
Let x(k) = 77*k + 56. What is the tens digit of x(4)?
6
Suppose 17*f - 12186 = -983. What is the tens digit of f?
5
Let q(y) = -y**3 - 8*y**2 - y + 7. Suppose 8 = -z - 0. Let b be q(z). Suppose 2*k = 2*m + 115 - b, 0 = k - 5*m - 54. What is the tens digit of k?
4
Let o be 16/(-56) + 44/7. Let x be 4/(8/o) + -19. Let p = x - -39. What is the tens digit of p?
2
Let n = -1852 - -4147. What is the hundreds digit of n?
2
Suppose -3*r - 3036 = -2*x, -4*x + x + 4561 = -r. What is the tens digit of x?
2
Let j = -2 - 4. Let v(w) be the first derivative of w**4/4 + 8*w**3/3 + 3*w**2/2 + 4*w - 22. What is the units digit of v(j)?
8
Let h(o) = -107*o**2 + 2. Let w be h(-2). Let v be w/(-8) - (-39)/52. Suppose 3*s - q - 80 = 0, -v = -2*s - 0*q + q. What is the tens digit of s?
2
Suppose 5*z + 2 = 3*z. What is the units digit of (-5)/(-5)*(-9)/z?
9
Suppose 27100 = 38*u - 13*u. What is the units digit of u?
4
Let g be 660/30 - (1 - 4). Suppose -h = -4, 4*h - 165 = -2*a + g. What is the units digit of a?
7
Suppose -5*o + 4*s - 2845 + 6814 = 0, 4*o - 3171 = -s. What is the hundreds digit of o?
7
Let p(w) = 800*w - 25. What is the tens digit of p(1)?
7
Suppose 5 = 5*j - 5*h, -2*j + h + 0*h + 5 = 0. Let g = -1 + j. Suppose 5*z + g*i - 152 = -0*i, -4*i = 2*z - 58. What is the units digit of z?
1
Let g = -33 + 22. Let t = -4 - g. Suppose -8*r + t*r + 1 = 0. What is the units digit of r?
1
Let n = 656 + -327. What is the hundreds digit of n?
3
Let y(a) be the first derivative of -a**6/360 - a**5/40 - a**4/24 + 8*a**3/3 - 2. Let k(d) be the third derivative of y(d). What is the units digit of k(-1)?
1
Let x(a) = -a**3 - 6*a**2 - 9*a - 2. Let i be x(-4). Suppose o + 2*z - 334 = -i*z, 0 = -2*o - 2*z + 692. What is the tens digit of o?
5
What is the tens digit of (169/(-39))/(5/(-1065))?
2
Suppose 504 = -78*d + 81*d. Let v = d - 45. What is the hundreds digit of v?
1
Let g = 92 - 122. What is the hundreds digit of g/(-3 + (-95)/(-35))?
1
Let b = 81 - -604. What is the units digit of b?
5
Suppose 732 = -4*u - 2*d - 2*d, 4*u + 724 = 4*d. What is the tens digit of (u/42)/(1/(-3))?
1
Let h = 35 - -69. Let q = -96 - -99. Suppose 0 = -n + 4*r + 32, n + q*n - h = 4*r. What is the tens digit of n?
2
Let o(v) = -v**3 + 7*v**2 - 5*v + 2. Suppose 0*w = 5*w - 45. Let r be (-3 - (-30)/9)*w. What is the units digit of o(r)?
3
Suppose l + 2*l = -5*b + 34, -4*b - 70 = -3*l. Suppose -x - 2 = -4*y - 6, 3*y - l = -x. What is the tens digit of x?
1
Let u be 0 - 0 - (-36)/(-6). Let i be ((-68)/u)/(2/3). What is the units digit of (2 + -1)*(i - -2)?
9
Let l = -512 + 2243. What is the thousands digit of l?
1
Suppose -6 = -6*d + 4*d. Suppose -20 = -3*y + 187. Suppose 4*t - t - d*m = 45, 5*t - 3*m - y = 0. What is the tens digit of t?
1
Suppose -5*v + 10 = -0*v. Suppose 3*t = p + 223, 4*p + 33 = -v*t + 191. What is the units digit of t?
5
Suppose -3*c - 16 = -2*g, 0 = 3*g - 0*c + 3*c - 24. Suppose -g*p + 1087 = 47. What is the hundreds digit of p?
1
Suppose -x = 3*p - 3*x + 2, -p - 2*x = -2. Suppose 3*l + 5*y + 38 = p, 4*l + 48 = -2*y - 2*y. Let r(i) = -i + 1. What is the units digit of r(l)?
2
Let i = 1 - -2. Suppose -i*q + 253 = 5*j, 3*j = 2*q - 0*q + 167. What is the tens digit of j?
5
Let y(u) = u**3 - 8*u**2 + 27*u - 111. What is the tens digit of y(8)?
0
Suppose -20*z = -13168 - 8752. What is the units digit of z?
6
Suppose 6*c - 2*c + 2*p = 4, -p = -4*c - 2. Suppose 0*i - 3*i + 471 = c. What is the tens digit of 4/(-16) + i/4?
3
Suppose 2*w - 4*j - 241 = -911, 0 = 4*j + 8. Let o = 616 + w. What is the hundreds digit of o?
2
Suppose -25*g + 3657 = 3*a - 30*g, 5*a = 3*g + 6111. What is the tens digit of a?
2
Let x = 508 - 394. What is the hundreds digit of x?
1
Let l = -30 + 42. Suppose -4*n - 5*s = -835, 9*s - l = 5*s. What is the tens digit of n?
0
Let o(s) = -47*s**3 - 2*s**2 - 2*s - 1. Let d be (-4 + 2)/(8/4). What is the units digit of o(d)?
6
Let v = -3222 - -6137. What is the thousands digit of v?
2
Let d(i) = 14*i - 444. What is the units digit of d(37